
In base 11, what is -24 - -2206a?
22046
In base 9, what is 1075 - -1538?
2624
In base 7, what is 14162 - 352?
13510
In base 13, what is -3 - 2c8?
-2cb
In base 2, what is 101000 + -1010011001100?
-1010010100100
In base 8, what is -51560 + 0?
-51560
In base 6, what is 435240 - 5?
435231
In base 9, what is -81 + -17101?
-17182
In base 9, what is 14 + 212?
226
In base 5, what is 30211 - 13401?
11310
In base 6, what is 1 + -1204155?
-1204154
In base 15, what is 1de4b - 8?
1de43
In base 10, what is -70 + 1240?
1170
In base 11, what is 123a3 + 23?
12416
In base 5, what is 32 - -21123?
21210
In base 12, what is -62b + -3223?
-3852
In base 4, what is 2010 + -21003?
-12333
In base 4, what is -213200 - -10?
-213130
In base 8, what is 4 + 301456?
301462
In base 14, what is -3 + -ca09?
-ca0c
In base 9, what is 0 - 252531?
-252531
In base 16, what is -1dd + -474?
-651
In base 4, what is 3300322 + 30?
3301012
In base 7, what is 1444313 + 5?
1444321
In base 6, what is 41052 + 230?
41322
In base 6, what is -23051 + 21?
-23030
In base 2, what is -11011 - 1111011010?
-1111110101
In base 7, what is -5 - 12663?
-13001
In base 15, what is 2a49 - 1c?
2a2c
In base 11, what is 842 - 34?
809
In base 10, what is 246444 + 4?
246448
In base 10, what is -2 + 1207339?
1207337
In base 10, what is -2 - 12962?
-12964
In base 6, what is -21230 + 22?
-21204
In base 13, what is 0 - 17240?
-17240
In base 7, what is -3666450 - 5?
-3666455
In base 5, what is -133 - 3243?
-3431
In base 6, what is 0 + 22401300?
22401300
In base 11, what is -3 + 786?
783
In base 3, what is 12 - -2012200102100?
2012200102112
In base 12, what is 6 + 4885?
488b
In base 8, what is 23351 + 1?
23352
In base 11, what is -444 + -147?
-590
In base 3, what is -1020102221 - 1201?
-1020111122
In base 14, what is 177 - 1d?
158
In base 12, what is -4 - 906?
-90a
In base 4, what is 10 + -132031?
-132021
In base 11, what is -5 - -a156?
a151
In base 15, what is -b6 - -1733?
166c
In base 3, what is 1 + 202001121?
202001122
In base 10, what is 21412 + 0?
21412
In base 6, what is -2 - 344055?
-344101
In base 12, what is 186b7 + 6?
18701
In base 4, what is 312 - 11113?
-10201
In base 14, what is 2 - -4a495?
4a497
In base 12, what is 3 - 8a6a0?
-8a699
In base 4, what is -10023 + -32020?
-102103
In base 16, what is 60 - 39?
27
In base 9, what is -238 + -270?
-518
In base 13, what is -2c1a + 4c?
-2b9b
In base 12, what is 2b7 - -238?
533
In base 2, what is -11010111110001 + -11?
-11010111110100
In base 12, what is -90218 + 4?
-90214
In base 4, what is 10020 + -201013?
-130333
In base 12, what is -5 - -19b7a2?
19b799
In base 8, what is -30250 - -24?
-30224
In base 13, what is -bc42 + 54?
-bbbb
In base 3, what is -10121001 - 220?
-10121221
In base 2, what is 100 - 1011001111111011?
-1011001111110111
In base 13, what is 102c2 - c?
102b3
In base 7, what is -14451504 + -5?
-14451512
In base 9, what is 16 + -1086?
-1070
In base 16, what is 136 + -28?
10e
In base 8, what is 12237 + -3?
12234
In base 3, what is 1 - 12200211?
-12200210
In base 15, what is -262 + -44e?
-6b1
In base 3, what is -111101101111 + -1?
-111101101112
In base 15, what is -186 - 616?
-79c
In base 11, what is 191 + 338?
519
In base 14, what is -8 + 13bd5?
13bcb
In base 12, what is 5 - 44a038?
-44a033
In base 15, what is 102a - 102?
e28
In base 5, what is -1143 + -1210?
-2403
In base 12, what is 3 - -116492?
116495
In base 12, what is 540 - 170?
390
In base 10, what is -271 + 85?
-186
In base 8, what is -31 - 2165?
-2216
In base 14, what is 20139 - 7?
20132
In base 4, what is -21 - 201310?
-201331
In base 13, what is 2 + 243c8?
243ca
In base 8, what is -430701 - 30?
-430731
In base 2, what is 100 + -11001000001100000?
-11001000001011100
In base 16, what is 3 + 503d?
5040
In base 10, what is -328 - -1418?
1090
In base 4, what is -1320 - -21?
-1233
In base 5, what is -224402 - 23?
-224430
In base 6, what is 4 + 3202150?
3202154
In base 12, what is 1682 - 309?
1375
In base 12, what is -132 + -16a0?
-1812
In base 9, what is 67 - -13362?
13440
In base 7, what is 1 + 13552410?
13552411
In base 11, what is 474a3 - 0?
474a3
In base 12, what is a5 + -104a8?
-10403
In base 3, what is -2221012 - 122000?
-10120012
In base 16, what is -10f + -56?
-165
In base 16, what is f272 - 1?
f271
In base 6, what is 442 - 3145?
-2303
In base 16, what is 21d38 - 3?
21d35
In base 15, what is -7734 - 4?
-7738
In base 11, what is 0 + 8a899?
8a899
In base 5, what is -442443 - -12?
-442431
In base 14, what is 1b74 - 3?
1b71
In base 10, what is -17641 + -62?
-17703
In base 16, what is 1ba - -7?
1c1
In base 2, what is 100001101010011 - 101?
100001101001110
In base 15, what is -2 + -5d2?
-5d4
In base 16, what is 5 - -6195?
619a
In base 13, what is -35aa + b?
-359c
In base 13, what is 22 + 326b2?
32704
In base 5, what is 14401 + -101?
14300
In base 12, what is -1535 + -1966?
-329b
In base 13, what is -106c4 + 1?
-106c3
In base 8, what is 1761 - 22?
1737
In base 10, what is -945 + 28?
-917
In base 3, what is 21201 + 1002222?
1101200
In base 16, what is 1aff9 + 3?
1affc
In base 5, what is 2 - 2130013?
-2130011
In base 15, what is -1 + -4201?
-4202
In base 3, what is 1022221111 + 2?
1022221120
In base 2, what is -10111001111 - -101011?
-10110100100
In base 4, what is 12 - -131233120?
131233132
In base 4, what is -30233 - 231?
-31130
In base 3, what is 2 + -1110021221?
-1110021212
In base 7, what is 31 - -145123?
145154
In base 12, what is 610732 + 0?
610732
In base 11, what is 4 + 14a86?
14a8a
In base 6, what is 314 - -302345?
303103
In base 14, what is -b49 + 10c?
-a3b
In base 14, what is 42 - -1061?
10a3
In base 12, what is 74 - -37378?
37430
In base 8, what is 162 + 4326?
4510
In base 7, what is 11 - 1241151?
-1241140
In base 4, what is -223 - 11232331?
-11233220
In base 5, what is -410400402 + 3?
-410400344
In base 10, what is 4 + -16477?
-16473
In base 7, what is -3142560 + -1?
-3142561
In base 9, what is -5 + -222568?
-222574
In base 5, what is -3234044 + 10?
-3234034
In base 15, what is 10857 + 4?
1085b
In base 8, what is 101 - 57143?
-57042
In base 7, what is 6054013 + 2?
6054015
In base 5, what is -2444012 - 3?
-2444020
In base 9, what is 10111723 - -1?
10111724
In base 14, what is 1a3 - -a7?
26a
In base 14, what is -4 - 9622?
-9626
In base 3, what is 12 - 10222001?
-10221212
In base 3, what is 21020 - -211121?
1002211
In base 5, what is -3202234 + -10?
-3202244
In base 6, what is -304353 - 524?
-305321
In base 13, what is 7 + 1474?
147b
In base 13, what is 6 + -5139?
-5133
In base 7, what is 4 - 1106214?
-1106210
In base 12, what is -1 - -1b620?
1b61b
In base 11, what is 152077 - -8?
152084
In base 7, what is -41 + 266525?
266454
In base 8, what is 402 - 15741?
-15337
In base 9, what is 215 - 301?
-75
In base 5, what is 11044023 + 1?
11044024
In base 12, what is 8 - -7029?
7035
In base 6, what is -5505 - 415?
-10324
In base 3, what is 2 - 111102112?
-111102110
In base 4, what is -2101033230 - 12?
-2101033302
In base 10, what is -2814 + -16?
-2830
In base 5, what is -2 - 1233202?
-1233204
In base 6, what is -1 + -30310?
-30311
In base 4, what is -1 - 2133232?
-2133233
In base 12, what is -4630 + 11?
-461b
In base 7, what is 610 - -105?
1015
In base 8, what is -5 + 473261?
473254
In base 11, what is -50a - 32?
-541
In base 14, what is 3 - 57526?
-57523
In base 7, what is -4036 - 124?
-4163
In base 15, what is -63367 - 0?
-63367
In base 2, what is -1011001111111 - -100?
-1011001111011
In base 16, what is 0 - -5c1?
5c1
In base 10, what is -99 + 622?
523
In base 2, what is -11 + -101001100001011000?
-101001100001011011
In base 9, what is 12 - 43368?
-43356
In base 9, what is 741 - 2?
738
In base 2, what is 11000001000 - 100011?
10111100101
In base 9, what is -48 - -1064?
1015
In base 4, what is 33231212 - -312?
33232130
In base 7, what is 205 + -1105?
-600
In base 2, what is 101 + 1010011010010?
1010011010111
In base 7, what is -13230 - -5?
-13222
In base 12, what is 0 - -17a12?
17a12
In base 8, what is -3534 + 2?
-3532
In base 4, what is 1020211031 - 3?
1020211022
In base 9, what is -522 + -3543?
-4165
In base 2, what is -1011000 + 1100110001110?
1100100110110
In base 10, what is 3 - -83428?
83431
In base 15, what is -50 - -3?
-4c
In base 11, what is 1 - -5586?
5587
In base 9, what is 104 -